14
Evaluate -13 - -4 - (89 + -96).
-2
(23 + -40 - -1) + 49
33
10 + -9 - (1 - 0) - -10
10
-3 + -2 + 21 + -6 + -1
9
What is -2 + -15 + -1 + (23 - (-12 + 40))?
-23
What is 7 + (-5 - 5 - 3)?
-6
What is 18 + (-17 - (-10 + -2)) + -3?
10
What is the value of -11 + (-6 - (-14 + 0))?
-3
What is the value of 988 + -1006 - (-1 + 0)?
-17
-18 + 2 + (-3 + 4 - 0 - 1)
-16
What is the value of (1 - (-2 - 2)) + (33 - 48) + 22?
12
Evaluate 3 - 3 - (-1 + -6 + 14).
-7
Calculate (-12 - -3) + 14 + 16.
21
Calculate 21 - (-28 + (15 - 10) - -15).
29
What is the value of (-15 + 6 - (13 - 18)) + 23 + 1?
20
What is the value of -18 - (-8 + -3 + (24 - 10) + -7)?
-14
33 - (-19 + 11) - (16 - 10)
35
Evaluate (-2 - -41) + 155 + -170 + -1 + 7.
30
What is -6 - (-4 + -4 + 2 - -6)?
-6
Calculate 4 + (15 + 0 - (-4 + 31)).
-8
Calculate -1 + 20 - (4 - (51 - 41)).
25
Calculate 25 + (10 - (13 + 15)).
7
Calculate (62 - 63) + (10 - -2) + -6.
5
What is the value of 59 + (31 - 58) - 25?
7
Evaluate 219 - 231 - (-18 - (6 - 2)).
10
What is 2 - (4 + (-13 - -8))?
3
Evaluate -7 - ((-86 - -82) + (-2 - 0)).
-1
What is the value of 1 - -16 - (287 + -276)?
6
Evaluate (252 - 254) + -1 + 24.
21
What is the value of 125 + -126 - (-3 + 0 + 1) - 4?
-3
What is -1 + -26 + (306 - 303)?
-24
Evaluate -16 + 0 - (-1047 + 1030).
1
What is (569 - 568) + 0 + (4 - 1) - 22?
-18
-12 - (0 - 5 - 0 - (46 - 49))
-10
What is (-219 - -266) + 2 + -30?
19
What is -46 - -16 - (2 + 0)?
-32
What is 0 - -17 - (-6 - (-17 + 7))?
13
(61 - 25) + -9 - 22
5
What is (47 - 35) + (4 - (-2 - 2))?
20
Calculate -527 + 530 + 1 + -23.
-19
What is (-4 - 0) + -26 - (34 + -60 + 28)?
-32
22 + -14 + (-1 - (-7 - -4) - 2)
8
-37 + (10 - (-3 + -4))
-20
What is (2 + 1 - 0) + 9 - 3?
9
Calculate 3 + 1 + -1 + (8 - 6) - -1.
6
What is the value of (283 - 276) + (1 - -12) + 1 + 1?
22
What is the value of -31 + (-7 - -39) + (-2 - -1)?
0
What is (-9 - 2) + 5 + 9 + -2?
1
What is the value of -50 - 3 - -22 - -28?
-3
Calculate (-14 + 25 - 3 - 8) + -1 + -20.
-21
What is the value of 19 + (12 - 1 - (-98 - -111))?
17
Calculate 13 + 26 - -2 - 28.
13
Evaluate (-8 - -26) + (-10 - 0) - 2.
6
What is (15 - 19) + -18 + 16?
-6
What is the value of 1 + 1 + 2 + -5 + 6 + -3?
2
Evaluate 10 - (1 + (-2 - -13) + 9).
-11
Calculate (1 + 1 - -12) + 1 + -22.
-7
Calculate -9 + 0 + (14 - -7 - 0) - -8.
20
What is -12 + 15 + -14 + -2 + 0?
-13
What is 49 - (22 + -49 - -52)?
24
What is the value of 35 - 32 - (-3 + -2) - 9?
-1
What is the value of -2 - (4 + -7) - (3 - (-5 + 6))?
-1
Evaluate (123 - 105 - (53 + 1)) + 12.
-24
What is -15 + 16 - (1 + -3 + (-12 - -12))?
3
What is the value of -24 + 6 + 56 + -59?
-21
Evaluate (-25 + 31 - 19) + -4.
-17
What is the value of -17 + 5 + -7 - -18?
-1
-14 + 17 + -11 + 19
11
Evaluate -15 - -30 - (21 + -1).
-5
16 + 1 + -9 + 10 + -25 + 17
10
What is the value of -12 + 29 - (-14 + 20)?
11
What is (1 - 2) + 1 - (-3 + 9 - 11)?
5
1 + 2 - (-28 + 49 + -20)
2
Calculate 23 + (-17 - 56 - -29).
-21
Evaluate 16 + -2 + (-37 - -22) + (0 - 5).
-6
-8 - ((-1 - -7) + -2 - (11 + 19))
18
-7 + (1 + 7 - (-13 + 21 - -5))
-12
What is the value of 4 - (-18 - -34) - -1?
-11
Evaluate -28 + (19 - -1) + -24.
-32
Calculate 4 + (-4 - -2 - -4) - (7 - 0).
-1
Evaluate 7 + -3 + -52 + 42.
-6
Calculate (12 - -1) + (123 - 142).
-6
((23 - 31) + -6 - (6 - 0)) + -11
-31
What is the value of -4 + (-6 - (1 + -2 + (-9 - -6)))?
-6
What is 27 - (36 + -16 + -2 + -1)?
10
What is 12 - (-8 + 8 - -24) - 8?
-20
What is the value of 4 + -4 + -6 + 0 + 4?
-2
Evaluate 34 + -30 + -3 + 0 + (5 - 1).
5
What is the value of -2 + -1 - ((-1 - -1) + (17 - 11))?
-9
What is the value of 3 - (1 + -8 + -2 + 5 + 3)?
4
6 + (5 - 8 - 16)
-13
(-15 - -18) + (0 - 5) + 19 + -7
10
(28 + -34 - -28) + -30
-8
What is -1 + -20 + 33 - (51 + -12)?
-27
Calculate -16 - -14 - -7 - -13.
18
What is 43 + (-5 + -37 - 29)?
-28
Evaluate 13 - (-12 - (11 - 3 - 14)).
19
Evaluate (48 - (-8 + 37)) + 1 + (1 - 1).
20
What is the value of 1 + (7 - 3 - 25 - -3)?
-17
6 - 3 - 8 - -1 - (-5 - 3)
4
Calculate 47 + -37 - (4 + -2).
8
What is the value of 17 + -2 - 5 - (11 + -19 + 2)?
16
What is (28 - 8 - 3) + (0 - -1)?
18
Calculate 1 + 0 + 8 + 4 + -7.
6
Evaluate 1 + -1 + -100 + 108 - -3.
11
(13 - (8 - -5)) + -10 + -9
-19
Evaluate 10 - -1 - ((160 - 187) + 72 + -2).
-32
Calculate -3 + 1 - (-15 - -22 - -10).
-19
What is the value of 2 + -4 + 1 + 9 + -7?
1
Calculate (6 - (-18 + 2) - -2 - 5) + -5.
14
Calculate 22 + (-14 - 10) - ((-1 - -2) + 34).
-37
Calculate 11 - (17 + -16 - 8 - -12).
6
What is the value of (12 - 15) + 13 - (6 + -2)?
6
3 - (-16 + (-2 + 5 - 2))
18
Evaluate -10 + -20 + (-10 - -17).
-23
Calculate -11 - -1 - (28 - 30).
-8
What is the value of 0 - (21 + -75 - -29)?
25
What is the value of -3 + (17 - 4) - (13 - -1 - 14)?
10
Calculate 5 + -10 + -4 - ((-10 - 2) + 6).
-3
Evaluate -111 + 156 + (-17 - 0).
28
Calculate 22 + -29 - (-1 + -3 + 1 - -6).
-10
Evaluate -22 + 27 + (5 - (2 - -12)).
-4
Calculate (9 - -1 - 1) + (-72 - (-104 - -42)).
-1
What is the value of 35 + -77 + 47 - (0 + 16)?
-11
What is -14 + (10 - -8 - 15 - (1 + -5))?
-7
What is the value of 63 - 68 - (0 - (12 + 0))?
7
-14 + -11 + (-3 - -2) + 1 + -4
-29
Calculate 8 + (1 - (-3 - -8)) - (14 + -18).
8
What is the value of (9 - 12) + 1 + (-1 - -19)?
16
(-2 - (11 + -11) - -7) + -7
-2
-32 - (-44 - (11 - 24))
-1
Evaluate -13 - -17 - (34 - 15).
-15
What is the value of 0 + (9 - 0) - ((5 - -2) + -5)?
7
What is -3 + 34 + -25 - 10?
-4
Evaluate (10 + -8 + 3 - 2) + -2 + 15.
16
Evaluate (2 - 1 - (-13 - -1)) + (102 - 104).
11
1 + (-26 - -10 - -27)
12
What is the value of -12 - (-10 - (-15 - -10))?
-7
What is the value of 0 + 4 + (-6 - (-4 + -6 + 6))?
2
Evaluate 9 - (-8 - -2 - -6).
9
Calculate 17 - ((9 - 8) + 3) - -5.
18
Evaluate 14 + (-54 - -4) - (-4 - (4 - 3)).
-31
Evaluate (4 - -6 - 20) + 4 + 1 + -2.
-7
Calculate -18 - ((-3 - 8) + 31 + -30).
-8
Calculate 67 + -98 - (-2 + -15).
-14
Calculate -2 - -31 - 7 - 31.
-9
What is 775 + -747 - (34 - -1)?
-7
What is (16 - 27) + (-10 - (-3 + 2 + 0))?
-20
Evaluate (47 - 47) + (7 - 10).
-3
What is (5 - 0) + 5 + -18 + 19?
11
Evaluate 20 - (-13 + 25) - (2 + -4 + 2).
8
Evaluate -6 + (6 - (-13 - -7)) + -2.
4
Evaluate -9 + -2 + (9 - (2 + -9)) + 14.
19
What is the value of (5 - 8 - (-7 + 1)) + -2?
1
Evaluate (-6 - (9 - 9)) + (-6 - (-3 + 6)).
-15
What is the value of (1 - 0 - 3) + (-314 - -340) + -6?
18
Evaluate -118 + 96 + (20 - 0) - (0 + -16).
14
What is the value of -15 + (-13 + 12 - (2 + -5))?
-13
What is (6 - (-6 + 22)) + 16 - (-33 + 7)?
32
-12 + (-8 - (-9 - 3)) + 3
-5
What is the value of (-2 - (0 - 0)) + (54 - 38) + -22?
-8
Evaluate -5 - (-4 + 16 + -1 + -5).
-11
Evaluate (3 - (-1 + 1)) + 28 + -25 - -8.
14
4 + ((-5 - -4) + -6 - -4) + -11
-10
What is 12 + 0 - 4 - 1 - -6?
13
What is the value of 26 + -16 + (14 - (-6 - -18))?
12
Calculate -2 + -39 + 26 + -2.
-17
-12 - -21 - (2 - -4) - -20
23
Evaluate (9 - -2) + 17 + (-23 - 0).
5
-17 + -1 - (-17 - (-11 + (6 - 4)))
-10
(54 - 22) + -9 - 34
-11
Calculate 34 - (-19 + 32 + -4).
25
What is 37 - 43 - (3 + (4 - (1 - 1)))?
-13
5 - (23 + -13 - 25)
20
What is the value of 10 + 0 + -10 + (33 - 35)?
-2
What is 72 - 56 - (0 + 21)?
-5
Evaluate 2 + 1 - 10 - -16.
9
What is 5 - (-9 + (-3 + -3 - (-2 - 0)))?
18
What is the value of 1 + (3 - 2) - (-14 + (6 - -8))?
2
4 + 29 + -10 + -35
-12
Calculate -32 + 23 + 34 + -4.
21
What is -23 - -18 - 15 - -9?
-11
(2 - -3) + (1 - -12) + -18 + 10
10
What is the value of -15 + 4 + (2 - (1 + (14 - 8)))?
-16
Evaluate -9 + -4 + 51 + -18.
20
What is the value of (-7274 - -7306) + -8 + (-1 - 0)?
23
What is the value of -41 - (-56 - -37) - -25?
3
What is -3 + (-27 - -27 - (-10 + -2)) + 1?
10
Evaluate 2 - (-12 - -36 - 16).
-6
Calculate 1 - (17 + 2) - -20.
2
(4 - (-3 + -2)) + -6
3
Evaluate 4 + -18 + (-3 - -8).
-9
What is the value of (-50 - -53) + (-13 - 0) - -20?
10
What is -6 + (-1 - 3) + (-5 - -13) + 15?
13
What is the value of (0 + 1 - (-44 + 56)) + 19?
8
Calculate -7 - (-1 + -3 + 31 + -33).
-1
Evaluate 0 + 10 + 3 + 1.
14
(-59 + 61 - 13) + (29 - -1)
19
What is (-1 - -3 - (14 - 0)) + -5?
-17
Calculate 18 - (15 + -7) - 16.
-6
-3 - (-2 - -3) - (43 - 66)
19
Calculate -24 + 34 + (15 - 11).
14
Calculate 7 - (41 + (4 + 1 - 20)).
-19
What is the value of 13 + (-5 - (-16 + 9)) + -24?
-9
2 + 9 + -15 + 8 + 7
11
Evaluate 1 + 